6*x**u - 1/2*x**2 - 1/12*x**4 + 0 - 11*x. Calculate s(-1).
-1
Let o(t) = t**3 - 16*t**2 - 36*t - 21. Suppose -135*p - 20*p = -49*p - 1908. Give o(p).
-21
Let a = -882 + 866. Let i(d) = 4*d - 26. Calculate i(a).
-90
Let z(l) be the second derivative of l**3/2 - l**2 - 107*l - 4. Determine z(1).
1
Let k be (22/(-3))/((18 - 7) + (-217)/21). Let c(n) = n**2 + 15*n + 15. Calculate c(k).
-29
Let h(m) = -m**2 + 5*m + 60. Let u(j) = 3*j**2 - 13*j - 175. Let b(s) = -7*h(s) - 2*u(s). Determine b(14).
0
Let r(g) = -2*g**2 + 15*g - 12. Let t(v) = 3*v**2 - 16*v + 11. Let k be -10*((-3)/3)/2 - 1. Let p(q) = k*r(q) + 3*t(q). Give p(-12).
-15
Let t(v) = 11*v + 2. Let y be t(-1). Let h(a) be the third derivative of a**4/24 + 7*a**3/6 - 40*a**2. Give h(y).
-2
Let z(l) = -2*l - 24. Let o(k) = -k. Let u(h) = 3*o(h) - z(h). Let g = -3229 - -3229. Give u(g).
24
Let m(h) = 63*h**2 + 16*h + 55*h**2 + 63*h**2 + 17 - 182*h**2. Calculate m(13).
56
Let m(w) = -3*w**2 - 3*w - 3. Let a(o) = -2*o**2 + o + 3*o**2 + 3*o**2 - 3 - 2*o**2 + 4. Let t(f) = 2*a(f) + m(f). Determine t(-3).
11
Let p(l) = 10*l**3 + 2*l**2 + 4*l + 4. Suppose 2*t - 16 = -5*r, 4*r + 7 = 23. Calculate p(t).
-76
Let i(f) be the second derivative of f + 12 - 1/20*f**5 - 1/12*f**4 + 0*f**3 + 19/2*f**2. Determine i(0).
19
Let k(i) be the first derivative of i**4 + i**2/2 - i - 1. Suppose -u + 59 = 5*l - 13, 22 = 2*l - 3*u. Suppose -35*w - l + 49 = 0. What is k(w)?
4
Let x(f) be the first derivative of 5*f**3/3 - 1388. What is x(-1)?
5
Let j(g) = 55*g**2 + 4*g - 252. Let o(p) = -p**2 - 83. Let r(s) = -j(s) + 3*o(s). Determine r(1).
-59
Suppose 0 = 5*u, u + 1 = -3*b - b + 21. Let y(s) = s**2 + 29*s - 156. What is y(b)?
14
Let t(f) = 12*f**3 + 24*f**2 + 28*f - 25. Let v(n) = -7*n**3 - 13*n**2 - 15*n + 14. Let w(h) = 4*t(h) + 7*v(h). Calculate w(6).
4
Let z(o) = -6*o**2 + 5*o - 3. Let j be z(-3). Let s be 4/j*-6*9. Let v(i) be the second derivative of -i**5/20 + i**4/4 - i**3/6 + i**2 + i. Give v(s).
-1
Let l(j) = 0 + 7*j + 1 - 19*j. Suppose -2*t - n + 31 = -0*t, 5*t + n = 70. Let s = t + -14. Give l(s).
13
Let x(m) be the second derivative of -38*m + 0*m**3 + 1/2*m**2 + 1/20*m**5 + 1/12*m**4 + 0. Determine x(-1).
1
Let t(y) be the first derivative of y**3 - 17*y**2/2 - 2*y - 2316. Give t(5).
-12
Suppose -12*j - 5*f + 13 = -13*j, j = -3*f + 11. Let o = 7 - 3. Let l(i) = -2 + o - 1 - j + i. Determine l(-5).
-6
Let z(p) = -9*p**2 - 3*p - 2. Suppose 0 = 4*h - s + 1128 - 88, -4*h - 5*s - 1064 = 0. Let j = h + 260. What is z(j)?
-8
Let x(m) = 7*m - 53. Let n be x(8). Suppose -n*a - 1 = -16. Let g(w) = -w**2 - 49 + 6*w - 3*w + a*w + 48. Calculate g(9).
-10
Let g(w) = w**2 - 1. Suppose 144 = 31*h + 5*h. Suppose -3*s - 5*q - 14 = 6, -3*q + 2 = -s. Let y be h/(s/((-20)/(-8))). Give g(y).
3
Let p(i) = i - 1. Suppose -v + s = -3, -v - 5*s + 8 = -1. Suppose -v*g + g + 4*c - 9 = 0, 5*c = -g - 3. Let k be g - (-18)/4*18/27. What is p(k)?
-1
Let s(z) = 20*z + 0*z**2 - 36 - 24*z**2 + 5*z**2 + z**3. Let m be s(18). Let g(j) = -2*j - 1. Let t(k) = k. Let c(o) = -3*g(o) - 5*t(o). Determine c(m).
3
Let t(f) = f**2 + 13*f + 2. Let a be 25 + (2 - (7 + -6)) + -1. Suppose 0 = a*q + 15 + 235. Calculate t(q).
-28
Let s(q) = -q - 5. Suppose -2*l - 7 = 22*n - 27*n, 5*l + 2*n - 55 = 0. Give s(l).
-14
Let w(b) = 3*b**3 + 8*b**2 + 2*b - 47. Let u(q) = -5*q**3 - 19*q**2 - 4*q + 94. Let o(z) = -4*u(z) - 7*w(z). Calculate o(20).
-7
Let g(l) = -11*l**2 - 3*l - 1. Suppose -25*j + 15*j = -20. Calculate g(j).
-51
Let b(j) = j**3 - 31*j**2 + 16*j - 504. Let o be b(31). Let l(t) = -t - t + 5 + 3*t. Give l(o).
-3
Let i(p) be the first derivative of -p**6/360 - p**5/12 - p**4/8 + 2*p**3/3 + 30*p + 1. Let y(x) be the third derivative of i(x). Give y(-4).
21
Let d(b) = -b - 7. Let v(y) be the first derivative of y**4/4 - 4*y**3 + 19*y**2/2 - 7*y - 198. Let a be v(10). Determine d(a).
10
Let a(d) = -2*d + 1. Let v = 250 + -226. Suppose -v*c + 35*c = 11. Calculate a(c).
-1
Let o = -241 - -302. Let g = 48 - o. Let x(f) = f**2 + 12*f - 13. Calculate x(g).
0
Let t = -116 + 116. Let c be 5 - (t + 4)/(-4). Let u(w) = -4 - c*w + 9*w - 2*w - 4. Give u(0).
-8
Let j = 3 - 5. Let f(r) be the first derivative of r**3/3 + r**2 + r + 4201. Give f(j).
1
Let z(n) = -n**3 + 16*n**2 + 17*n - 9. Let m be (0 - (-14)/147)*3 + (-117)/(-7). What is z(m)?
-9
Let d(y) be the first derivative of -85 + y**2 - 2*y - 1/3*y**3. Give d(2).
-2
Let t(h) = -38*h + 10. Let m(p) = -12*p - 12. Let u(y) = 4*y + 3. Let v(w) = 4*m(w) + 15*u(w). Let n(o) = -2*t(o) - 7*v(o). Give n(-3).
25
Let o(z) = 26613*z + 26611*z + 47 - 53225*z. Give o(18).
29
Let z be ((-8)/(-12))/(3 - (-220)/(-72)). Let o(r) = r**3 + 14*r**2 + 18*r + 1. Calculate o(z).
73
Let p = 101469 + -101459. Let x(k) = k - 8. Let v(g) = -g + 8. Let f(h) = 4*v(h) + 3*x(h). Calculate f(p).
-2
Let a(p) = 9*p - 1. Let r(t) = 53*t - 86. Let b be r(-4). Let u = b + 295. Give a(u).
-28
Suppose 5*f + 25 = 5*n, -24 + 5 = 5*f - 4*n. Let w(k) = -12*k. Give w(f).
-12
Let n(s) = -47*s**3 + s**2 + 2*s - 3. Let h(v) = 12*v**2 + 91*v + 50. Let z be h(-7). Calculate n(z).
-47
Let a(f) be the third derivative of -f**6/120 + f**5/60 + f**4/24 - f**3/3 - 4*f**2. Suppose 693 = 3*n - 10*n. Let p = -101 - n. Determine a(p).
8
Let u(k) be the first derivative of -1/2*k**2 - 1 - 2*k**3 - k. Let t = -2057949 + 2057947. Determine u(t).
-23
Let a(y) = -y**2 - 19*y + 35. Let g = -79 - -58. Calculate a(g).
-7
Let d(b) = 8*b. Let u(v) = -5*v - 15. Let h be u(-4). Suppose 0 = 2*m + 4, 3*m = h*i - 4*i - 11. Suppose -5*g - 9 = 3*q - 5*q, -i*g = 2*q + 21. What is d(q)?
-24
Let c(q) = 2*q**2 - 2*q + 1. Let x(y) = -y**3 + 4*y**2 + 14*y - 7. Let a be x(6). Let u be (0 - -9)*2*a/(-30). Give c(u).
25
Let h(k) = 6*k**2 + 4*k + 44. Let p(s) = -5*s**2 - 42. Let a(u) = -4*h(u) - 5*p(u). Calculate a(14).
6
Let c be (-4 + -4 + 11)/(6/8). Let j(u) = 4977 - 4977 + c*u. Let a(r) = -r**3 - 3*r**2 + 1. Let o be a(-3). What is j(o)?
4
Let q(r) = 10*r - 35. Let i(p) = -272*p - 2456. Let m be i(-9). Determine q(m).
-115
Let k(d) be the third derivative of -d**4/24 + d**3 - 4*d**2 - 8*d. What is k(-6)?
12
Let t(w) be the first derivative of -1/24*w**4 - 5/3*w**3 + 3 - 31/2*w**2 + 0*w. Let q(u) be the second derivative of t(u). Give q(7).
-17
Let a(k) = k**2 + 9*k - 39. Let r be a(-13). Suppose -l + r = 11. Let t be 10/(-75) + l/(90/141). Let n(x) = x**2. Give n(t).
9
Let h(l) = -3*l**2. Let b(m) = 9*m - 44. Let c be b(14). Let d be (-2 - c/(-14)) + 2/14. Suppose 0 = p + p + d*g - 10, -p - 3*g + 8 = 0. Determine h(p).
-3
Let r(z) = 8 - 2 - 349*z + 175*z + 175*z. Suppose -4*u + 21 = -3. Calculate r(u).
12
Let m(w) = 6*w + 2. Suppose -22*r = -43 + 21. Determine m(r).
8
Suppose -5*d + 8*d = 81. Let x = d - 24. Suppose -x*j + 15 = -g, 4*g - 20 + 8 = 0. Let k(l) = -l. What is k(j)?
-6
Let m(v) = -16*v**3 + 18*v**2 + 28*v - 12. Let o(g) = -7*g**3 + 9*g**2 + 15*g - 4. Let t(i) = -3*m(i) + 7*o(i). Determine t(11).
-3
Let y(t) = t**2 + 12*t - 5*t - 4 - 3*t. Suppose -2*w = 2, -2*w - 3*w - 25 = -4*x. Suppose -x = -17*d - 56. Give y(d).
-7
Let j = 107 - 108. Let u(w) = 4*w**3 + 5*w**2 - 4*w + 11. Let q(m) = m**3 + m**2 - m + 2. Let y(g) = 5*q(g) - u(g). Give y(j).
-1
Let t(y) = 2*y**3 - 9*y**2 + 45*y - 9. Let x(d) = -d**3 + d**2 - 46*d. Let s(z) = -t(z) - x(z). Give s(9).
-63
Let a(n) = -n**2 + 6*n + 4. Let o be (-4 + 5/20)/((-3)/8). Let x = 9 - 13. Let w be (-2 - o)/x + 0 - -4. Determine a(w).
-3
Let i(p) = -6*p**3 - 2*p + 1. Suppose 0 = 15*f - 233 + 68. Suppose 12*y - f*y - 9 = 0. Let b be -1 + ((-6)/9)/((-3)/y). Determine i(b).
-7
Let l(s) be the third derivative of s**5/60 - 3*s**4/8 - 22*s**3 + 4*s**2 - 113*s - 4. Give l(17).
4
Let g(n) = 4*n**2 - 51*n - 9. Let f be 5/((-1392)/(-104) + -13). Calculate g(f).
4
Let k(w) = -2*w**2 + 14*w + 14. Let i = -13 - -12. Let f be k(i). Let x(h) = -6*h**2 - 2*h - 1. Determine x(f).
-21
Let n(x) = x**3 - 7*x**2 + 4*x + 8. Let v(j) = 2*j. Let g be v(12). Let o be -2 + -4 + g + -2. Let z = o - 10. Determine n(z).
-4
Let m(k) = -2*k + 2. Suppose -2 = 5*i - 2*q - 4, 1 = -3*i - q. Suppose i*t = 17*t - 119. Suppose -t*o + 3*o = 20. What is m(o)?
12
Let i(p) = p + 1. Let w(x) = 4*x + 27. Let k be w(11). Let z = 43 + -121. Let l = k + z. Determine i(l).
-6
Let n(h